erivative of -2*h**2 + 0 + 0*h + 1/6*h**4 + 4/3*h**3. Let p be t(7). What is the highest common factor of 90 and p?
18
Suppose 340 = 2*o + 3*o. Suppose -5*d + o = -d. What is the greatest common divisor of 51 and d?
17
Suppose 5 = g - 23. Calculate the highest common factor of 252 and g.
28
Let f = 2 + 0. Suppose f*y = -y + 21. Calculate the highest common divisor of y and 21.
7
Let n = 9 + -2. Let z = n + -2. What is the greatest common divisor of z and 55?
5
Let a be ((-75)/4)/(2/(-8)). Calculate the greatest common factor of 50 and a.
25
Suppose -10 = -2*y + 52. Let z = 11 - y. Let j be (-2)/3 - z/12. What is the greatest common factor of j and 1?
1
Let m be (-1)/((-4)/(-2))*10. Let w = -5 - m. Suppose w = t - 31 - 5. Calculate the greatest common factor of 90 and t.
18
Suppose 0 = v - 2 - 0. Suppose -f + v*f - 28 = 0. Calculate the highest common divisor of 70 and f.
14
Let t(a) = 21*a**3 - a**2. Let s be t(1). Let k(j) = 13*j**2 + 2*j + 2. Let f be k(-2). What is the highest common divisor of s and f?
10
Let q(l) = -21*l**2 - l - 1. Let o be q(-1). Let b = 37 + o. Let t = b + -1. Calculate the highest common divisor of t and 15.
15
Let o = 29 + -13. Suppose -4*r + 5*m = 24, r + 12 = 3*m - 1. Let t = 3 + r. What is the greatest common divisor of t and o?
2
Let j = 13 + 2. Let o be ((-32)/(-10))/(3/j). Suppose -42 = 3*w - 5*w - 3*r, 2*r = -4. What is the highest common divisor of o and w?
8
Let f = -35 + 61. Let v(w) = w**2 + w + 1. Let p be v(-4). What is the highest common divisor of f and p?
13
Suppose -3*g + 2 = -6*q + 2*q, 0 = 3*g - 5*q - 1. Let d be (g - 0) + 136/2. Calculate the highest common factor of d and 14.
14
Let u(b) = -b**3 - 4*b**2 + b - 1. Let a be u(-5). Suppose 0 = -5*t + j + 194, 3*j = -5*t + 176 + 2. Calculate the greatest common divisor of t and a.
19
Suppose 0 = -q - 1 + 46. What is the highest common divisor of q and 15?
15
Let u(d) = 2*d - 13. Let w be u(7). What is the greatest common factor of w and 1?
1
Let x be ((-18)/4 - -1)/(3/(-48)). What is the greatest common divisor of x and 14?
14
Suppose 8 = m - 0. Let p(j) = -j + 12. Let y be p(m). Let i = 23 - 17. Calculate the highest common factor of y and i.
2
Suppose 2*h - 4*h + 88 = -4*j, 3*h + j - 118 = 0. Let k = -224 + 240. What is the highest common divisor of h and k?
8
Suppose -5*i = -0*i + 70. Let m be (i/(-3))/(4/30). Let d be m + -1 + 1 + -3. Calculate the highest common divisor of 16 and d.
16
Suppose 27 = 3*m - 21. Calculate the highest common factor of m and 16.
16
Let w be ((-3)/(-12) - 68/80)*-5. Calculate the highest common divisor of 9 and w.
3
Suppose 2*w + w - 174 = 0. What is the highest common divisor of 638 and w?
58
Let n be (68/(-8))/(2/(-4)). Suppose -3*d + u + 51 = 0, -u = -6*u. What is the highest common divisor of d and n?
17
Let f(t) = t**3 - t**2 - 3*t - 2. Let h be f(3). Let x(v) = v**3 - 6*v**2 - 5*v + 10. Let c be x(h). What is the highest common divisor of 36 and c?
12
Let q = 336 - 219. Calculate the highest common divisor of 13 and q.
13
Let y(s) = s**3 + 14*s**2 - 16*s - 2. Let q be y(-15). Calculate the greatest common divisor of 91 and q.
13
Suppose 5*j + z = -5, 4*j + 3*z - 2 - 5 = 0. Let o be j/(-11) - 1968/(-66). Let c be (3 - 1 - -4)*1. Calculate the highest common factor of o and c.
6
Suppose 5*g + 7 = 22. Let l be (-6)/(-9) + 88/g. What is the greatest common divisor of l and 45?
15
Let i(w) be the third derivative of w**4 - w**3/2 + 3*w**2. Let r be i(-7). Let y be 2/(-8) + r/(-12). Calculate the greatest common factor of y and 42.
14
Suppose -8 - 5 = -h. Let v be (-8)/6*78/(-4). Calculate the highest common divisor of v and h.
13
Suppose 0 = c - 4*c - 48. Let v = 19 - c. What is the highest common factor of 7 and v?
7
Let d = -2 + 3. Let g be 3/(-9) - (-7)/3. Calculate the highest common divisor of g and d.
1
Let q be (-258)/(-8)*(-16)/(-3). Calculate the highest common divisor of q and 43.
43
Suppose -3*d + 5*h = -263 - 409, -3*d + 3*h + 672 = 0. Let r(s) = 29*s - 1. Let l be r(1). Calculate the greatest common factor of d and l.
28
Let x be (-321)/(-21) + 14/(-49). What is the greatest common divisor of x and 75?
15
Let t(d) = d**2 - d + 1. Let m be t(3). Let k = m - -41. Suppose 14 = 3*w - 4. Calculate the greatest common divisor of k and w.
6
Let t(x) = x**3 + 5*x**2 - 5*x + 2. Let m be t(-6). Let r be (-4)/(m/2) + 8. Suppose -2*k = -4*k + 4. What is the greatest common factor of k and r?
2
Let c = -21 + 101. Let w be 2/(-5) - (-72)/5. Suppose 5*i - 78 = 2*h, -5*i + 2*h + w = -4*i. Calculate the greatest common divisor of c and i.
16
Suppose 6*x + 70 = x. Let o be (21/x)/(3/(-6)). What is the greatest common factor of 30 and o?
3
Let y be (-12)/(-20) + (-557)/(-5). What is the greatest common divisor of 14 and y?
14
Let h be 24/(-18) - (-229)/3. Calculate the greatest common divisor of h and 30.
15
Suppose 5*j - 52 = w + 67, 0 = 4*w - 4. Let b be 76/6 - (-8)/j. Calculate the highest common factor of b and 13.
13
Let m = 10 + -6. Suppose -t = r + 2*t + 4, m*r = t + 36. Suppose 0 = 4*i - 16 - r. What is the highest common factor of 6 and i?
6
Let f = 188 + -108. Suppose -9*s - f = -14*s. Calculate the greatest common divisor of s and 16.
16
Let b = -175 + 104. Let n = -41 - b. Let c be 8 - (-1 + -1)/1. Calculate the highest common factor of n and c.
10
Let u(z) = 31*z - 1. Let n be u(1). Let d be 3*(-2)/(-12)*8. Suppose 108 = 3*b - d*y - 15, -b + 30 = -5*y. Calculate the greatest common divisor of n and b.
15
Suppose -4*t + 8 = -3*a - 175, -t - 4*a = -60. Let k(m) = 36*m. Let b be k(-1). Let y be (1 - 4 - b) + -1. What is the highest common factor of y and t?
16
Suppose 0 = -3*m + 5 + 67. Suppose 0*a = 4*a - m. What is the highest common divisor of 9 and a?
3
Suppose -5*v = -10, 2*s - 3*v - 345 = -s. Let b(t) = -4*t - 7. Let l = -18 - -13. Let p be b(l). What is the highest common divisor of p and s?
13
Let k be (8/(-10))/((-1)/5). Suppose k*r = -r - 18990. Let f be 6/(-10) - r/30. Calculate the highest common divisor of 14 and f.
14
Let r(c) = -19*c + 3. Let n be r(-6). Let f be 212/16 + 3/(-12). What is the highest common factor of n and f?
13
Suppose 0 = -i - 4*i - 15. Let u(p) = -16*p + 2. Let o be u(i). Suppose -5*k = 2*n - o + 7, -n = 5*k - 19. Calculate the greatest common divisor of n and 6.
6
Let g be (-2 - -4)/2 + 47. Let v be (g/(-15) + 2)*-20. Calculate the highest common factor of v and 8.
8
Let i(x) = -x**2 + 5*x - 9. Let w be i(9). Let a = w + 125. Calculate the highest common factor of 16 and a.
16
Let b(l) = l - 7. Let a be b(5). Let s be 3 - a - (3 + -2). What is the highest common divisor of s and 36?
4
Let h = 153 - 77. Let u = 1 + h. Calculate the highest common factor of u and 7.
7
Suppose -5*c + 126 = 4*k, -4*c - 5*k + 108 = -0*k. Let x = 38 + -27. What is the highest common divisor of c and x?
11
Let d be (-93 - 3)/(6/(-8)). What is the greatest common divisor of 8 and d?
8
Suppose 8 = 3*g + 2. Let n = -45 + 77. Suppose j - n = -j. What is the greatest common factor of g and j?
2
Suppose -11*p - 162 + 1130 = 0. What is the highest common factor of 110 and p?
22
Let k be (-780)/(-75)*10/4. What is the greatest common divisor of k and 13?
13
Let c(h) = 8*h**3 + h**2. Let j be c(1). Calculate the greatest common divisor of j and 6.
3
Suppose 0 = -3*j + 7*j - 4*x - 548, -2*j + 269 = -3*x. Suppose -2*z + 12 = -j. Calculate the greatest common factor of z and 7.
7
Let b(f) be the first derivative of 9*f**4 - f**2/2 + 1. Let g be b(-1). Let s = g + 59. Calculate the highest common factor of 60 and s.
12
Let a(j) = j**2 - 4*j - 7. Let c be a(8). Let o = 4 + -1. Let v = o + 2. What is the highest common factor of c and v?
5
Let r = 54 - 148. Let n(p) = 5*p**2 - 6*p + 5. Let l be n(-5). Let d = l + r. Calculate the highest common divisor of d and 6.
6
Let t = 38 + 3. Let w = -25 + t. Calculate the greatest common divisor of 8 and w.
8
Let h be -2 - (-693)/4 - 5/20. Calculate the greatest common divisor of 19 and h.
19
Let a be -3*(14/6 + -3). Let t be ((-20)/(-14))/(a/14). Calculate the greatest common factor of t and 40.
10
Suppose 4 = 2*v + 2*v. Suppose -5 = 7*w - 19. Calculate the greatest common divisor of v and w.
1
Let l(t) = t**3 + 4*t**2 - t - 1. Let z be l(-4). Suppose w - 43 = 5*d, -z*d 